{"id":7287,"date":"2023-05-31T09:46:40","date_gmt":"2023-05-31T09:46:40","guid":{"rendered":"https:\/\/cnsb.pt\/?page_id=7287"},"modified":"2026-03-16T11:44:24","modified_gmt":"2026-03-16T11:44:24","slug":"exames-nacionais","status":"publish","type":"page","link":"https:\/\/cnsb.pt\/?page_id=7287","title":{"rendered":"Exames Nacionais"},"content":{"rendered":"\t\t<div data-elementor-type=\"wp-page\" data-elementor-id=\"7287\" class=\"elementor elementor-7287\">\n\t\t\t\t\t\t\t\t\t<section class=\"elementor-section elementor-top-section elementor-element elementor-element-6e75423f elementor-section-content-middle elementor-section-boxed elementor-section-height-default elementor-section-height-default\" data-id=\"6e75423f\" data-element_type=\"section\" data-settings=\"{&quot;background_background&quot;:&quot;classic&quot;,&quot;shape_divider_bottom&quot;:&quot;opacity-tilt&quot;}\">\n\t\t\t\t\t\t\t<div class=\"elementor-background-overlay\"><\/div>\n\t\t\t\t\t\t<div class=\"elementor-shape elementor-shape-bottom\" data-negative=\"false\">\n\t\t\t<svg xmlns=\"http:\/\/www.w3.org\/2000\/svg\" viewBox=\"0 0 2600 131.1\" preserveAspectRatio=\"none\">\n\t<path class=\"elementor-shape-fill\" d=\"M0 0L2600 0 2600 69.1 0 0z\"\/>\n\t<path class=\"elementor-shape-fill\" style=\"opacity:0.5\" d=\"M0 0L2600 0 2600 69.1 0 69.1z\"\/>\n\t<path class=\"elementor-shape-fill\" style=\"opacity:0.25\" d=\"M2600 0L0 0 0 130.1 2600 69.1z\"\/>\n<\/svg>\t\t<\/div>\n\t\t\t\t\t<div class=\"elementor-container elementor-column-gap-default\">\n\t\t\t\t\t<div class=\"elementor-column elementor-col-50 elementor-top-column elementor-element elementor-element-5cef25b\" data-id=\"5cef25b\" data-element_type=\"column\" data-settings=\"{&quot;background_background&quot;:&quot;classic&quot;}\">\n\t\t\t<div class=\"elementor-widget-wrap elementor-element-populated\">\n\t\t\t\t\t\t\t\t<div class=\"elementor-element elementor-element-6d5a085 elementor-widget elementor-widget-heading\" data-id=\"6d5a085\" data-element_type=\"widget\" data-widget_type=\"heading.default\">\n\t\t\t\t<div class=\"elementor-widget-container\">\n\t\t\t<style>\/*! elementor - v3.7.6 - 15-09-2022 *\/\n.elementor-heading-title{padding:0;margin:0;line-height:1}.elementor-widget-heading .elementor-heading-title[class*=elementor-size-]>a{color:inherit;font-size:inherit;line-height:inherit}.elementor-widget-heading .elementor-heading-title.elementor-size-small{font-size:15px}.elementor-widget-heading .elementor-heading-title.elementor-size-medium{font-size:19px}.elementor-widget-heading .elementor-heading-title.elementor-size-large{font-size:29px}.elementor-widget-heading .elementor-heading-title.elementor-size-xl{font-size:39px}.elementor-widget-heading .elementor-heading-title.elementor-size-xxl{font-size:59px}<\/style><h2 class=\"elementor-heading-title elementor-size-default\">Col\u00e9gio de Nossa Senhora da Bonan\u00e7a<\/h2>\t\t<\/div>\n\t\t\t\t<\/div>\n\t\t\t\t<div class=\"elementor-element elementor-element-f873cb9 elementor-widget elementor-widget-heading\" data-id=\"f873cb9\" data-element_type=\"widget\" data-widget_type=\"heading.default\">\n\t\t\t\t<div class=\"elementor-widget-container\">\n\t\t\t<h2 class=\"elementor-heading-title elementor-size-default\">Exames <br>Nacionais<\/h2>\t\t<\/div>\n\t\t\t\t<\/div>\n\t\t\t\t<div class=\"elementor-element elementor-element-0576ef2 elementor-widget elementor-widget-text-editor\" data-id=\"0576ef2\" data-element_type=\"widget\" data-widget_type=\"text-editor.default\">\n\t\t\t\t<div class=\"elementor-widget-container\">\n\t\t\t<style>\/*! elementor - v3.7.6 - 15-09-2022 *\/\n.elementor-widget-text-editor.elementor-drop-cap-view-stacked .elementor-drop-cap{background-color:#818a91;color:#fff}.elementor-widget-text-editor.elementor-drop-cap-view-framed .elementor-drop-cap{color:#818a91;border:3px solid;background-color:transparent}.elementor-widget-text-editor:not(.elementor-drop-cap-view-default) .elementor-drop-cap{margin-top:8px}.elementor-widget-text-editor:not(.elementor-drop-cap-view-default) .elementor-drop-cap-letter{width:1em;height:1em}.elementor-widget-text-editor .elementor-drop-cap{float:left;text-align:center;line-height:1;font-size:50px}.elementor-widget-text-editor .elementor-drop-cap-letter{display:inline-block}<\/style>\t\t\t\t<p><span style=\"color: #ccffff;\"><a style=\"color: #ccffff;\" href=\"https:\/\/www.dge.mec.pt\/sites\/default\/files\/JNE\/despacho_3_2026_de_23_de_fev_2026_regulamento.pdf\"><span style=\"font-family: Aptos, Aptos_EmbeddedFont, Aptos_MSFontService, Calibri, Helvetica, sans-serif; font-size: 16px;\">Despacho-Normativo n.\u00ba 3\/2026<\/span><\/a><\/span><span style=\"caret-color: #000000; color: #000000; font-family: Aptos, Aptos_EmbeddedFont, Aptos_MSFontService, Calibri, Helvetica, sans-serif; font-size: 16px;\"><span style=\"color: #ccffff;\">, <\/span><span style=\"color: #ffffff;\">de 23 de fevereiro \u2013 Aprova o Regulamento das Provas de Avalia\u00e7\u00e3o Externa e das Provas de Equival\u00eancia \u00e0 Frequ\u00eancia dos Ensinos B\u00e1sico e Secund\u00e1rio para os anos letivos de 2025-2026 a 2027-2028 e revoga o Despacho Normativo n.\u00ba 2-A\/2025, de 3 de mar\u00e7o.<\/span><\/span><\/p><p><span style=\"color: #ccffff;\"><a style=\"background-color: #0a3371; color: #ccffff;\" href=\"https:\/\/area.dge.mec.pt\/jnedoc\/doc\/592.PDF\" target=\"_blank\" rel=\"noopener\">Guia Geral de Exames 2026<\/a>:<\/span> Divulga informac\u0327a\u0303o relativa aos cursos e exames finais nacionais do ensino secunda\u0301rio, incluindo a que se refere a\u0300 sua articulac\u0327a\u0303o com o acesso ao ensino superior; disponibiliza as informac\u0327o\u0303es necessa\u0301rias para uma correta inscric\u0327a\u0303o e realizac\u0327a\u0303o dos exames finais nacionais do ensino secunda\u0301rio, com efeitos na conclusa\u0303o de curso e acesso ao ensino superior.<\/p><p><span style=\"color: #ccffff;\"><strong><a style=\"color: #ccffff;\" href=\"https:\/\/diariodarepublica.pt\/dr\/detalhe\/portaria\/278-2023-221432123\">Portaria n.\u00ba 278\/2023 de 8 de setembro<\/a>:<\/strong><\/span> Procede \u00e0 1.\u00aa altera\u00e7\u00e3o \u00e0 Portaria n.\u00ba 226 A\/2018, de 7 de agosto, que regulamenta os cursos Cient\u00edfico-human\u00edsticos a que se refere a al\u00ednea a) do n.\u00ba 4 do artigo 7.\u00ba do Decreto- Lei n.\u00ba 55\/2018, de 6 de julho, na sua reda\u00e7\u00e3o atual.<\/p><p><span style=\"color: #ccffff;\"><a style=\"color: #ccffff;\" href=\"https:\/\/www.dge.mec.pt\/sites\/default\/files\/JNE\/oficio_calculadoras_2024.pdf\"><b>Of\u00edcio &#8211; 40198-2024-DGE-DIRE\u00c7\u00c3O<\/b><\/a>:<\/span> Utilizac\u0327a\u0303o de Calculadoras no Ensino Ba\u0301sico e no Ensino Secunda\u0301rio: Prova Final de Ciclo de Matema\u0301tica \u2013 9.o ano; Exames Finais Nacionais de Economia A, de Fi\u0301sica e Qui\u0301mica A, de Matema\u0301tica A, de Matema\u0301tica B e de Matema\u0301tica Aplicada a\u0300s Cie\u0302ncias Sociais, em 2024-2025.<\/p><p>Lista exemplificativa: na\u0303o exaustiva, de calculadoras passi\u0301veis de serem utilizadas nos exames finais nacionais de Fi\u0301sica e Qui\u0301mica A, de Matema\u0301tica A, de Matema\u0301tica B e de Matema\u0301tica Aplicada a\u0300s Cie\u0302ncias Sociais (MACS)\u2013 2024\/2025.<\/p><p><span style=\"color: #ccffff;\"><a style=\"color: #ccffff;\" href=\"https:\/\/diariodarepublica.pt\/dr\/detalhe\/decreto-lei\/12-2025-908290393\"><b><span data-markjs=\"true\">De<\/span>creto Lei n.\u00ba 12\/2025, <span data-markjs=\"true\">de<\/span> 21 <span data-markjs=\"true\">de<\/span> fevereiro<\/b><\/a>:<\/span> Altera o <span data-markjs=\"true\">De<\/span>creto-Lei n.\u00ba 55\/2018, <span data-markjs=\"true\">de<\/span> 6 <span data-markjs=\"true\">de<\/span> julho, consoli<span data-markjs=\"true\">da<\/span>n<span data-markjs=\"true\">do<\/span> a implementa\u00e7\u00e3o <span data-markjs=\"true\">da<\/span>s provas <span data-markjs=\"true\">de<\/span> Monitoriza\u00e7\u00e3o <span data-markjs=\"true\">da<\/span> Aprendizagem no final <span data-markjs=\"true\">do<\/span>s 4.\u00ba e 6.\u00ba anos <span data-markjs=\"true\">de<\/span> escolari<span data-markjs=\"true\">da<\/span><span data-markjs=\"true\">de<\/span>.<\/p><p><span style=\"color: #ccffff;\"><a style=\"background-color: #0a3371; color: #ccffff;\" href=\"https:\/\/area.dge.mec.pt\/jnedoc\/doc\/581.PDF\" target=\"_blank\" rel=\"noopener\">Norma 02\/2025<\/a>\u00a0\u00a0<\/span>estabelece as normas t\u00e9cnicas relativas ao ano escolar de 2024\/2025, considerando o disposto no Regulamento das Provas de Avalia\u00e7\u00e3o Externa e de Equival\u00eancia \u00e0 Frequ\u00eancia dos Ensinos B\u00e1sico e Secund\u00e1rio.<\/p><div style=\"font-size: 12pt; font-family: Aptos, Aptos_EmbeddedFont, Aptos_MSFontService, Calibri, Helvetica, sans-serif; color: #000000; line-height: 1.2;\"><span style=\"color: #ccffff;\"><a style=\"color: #ccffff;\" href=\"https:\/\/ipdj.gov.pt\/documents\/20123\/116126\/Guia_Federac%CC%A7o%CC%83es_Desportivas_2025_vf.pdf\/f73a87eb-4f6a-ad95-c9bc-27ab0ff2a594?t=1745332936571\"><b>Guia para a realiza\u00e7\u00e3o <span data-markjs=\"true\">de<\/span> provas\/<span data-markjs=\"true\">exames<\/span> por Alunos Praticantes <span data-markjs=\"true\">De<\/span>sportivos <span data-markjs=\"true\">de<\/span> Alto Rendimento\u00a0&#8211; 2025 2025<\/b><\/a>:<\/span> <span style=\"color: #ffffff;\">Divulga informa\u00e7\u00e3o relativa aos procedimentos a a<span data-markjs=\"true\">do<\/span>tar por alunos Praticantes <span data-markjs=\"true\">De<\/span>sportivos <span data-markjs=\"true\">de<\/span> Alto Rendimento que preten<span data-markjs=\"true\">da<\/span>m requerer a realiza\u00e7\u00e3o <span data-markjs=\"true\">de<\/span> provas <span data-markjs=\"true\">de<\/span> avalia\u00e7\u00e3o externa em \u00c9poca Especial.<\/span><\/div><div style=\"font-size: 12pt; font-family: Aptos, Aptos_EmbeddedFont, Aptos_MSFontService, Calibri, Helvetica, sans-serif; color: #000000; line-height: 1.2;\"><span style=\"color: #ffffff;\">\u00a0<\/span><\/div><div style=\"line-height: 1.2;\"><span style=\"color: #ccffff;\"><a style=\"color: #ccffff;\" href=\"https:\/\/area.dge.mec.pt\/jnedoc\/doc\/582.PDF\" target=\"_blank\" rel=\"noopener\">Comunica\u00e7\u00e3o N.\u00ba 2\/JNE\/2025 &#8211; Provas finais do ensino b\u00e1sico: Escolas que realizam as provas em dois turnos<\/a><\/span><\/div><div style=\"font-size: 12pt; text-decoration-thickness: auto; text-decoration-style: solid; font-family: Aptos, Aptos_EmbeddedFont, Aptos_MSFontService, Calibri, Helvetica, sans-serif; color: #000000;\">\u00a0<\/div><div style=\"font-size: 12pt; text-decoration-thickness: auto; text-decoration-style: solid; font-family: Aptos, Aptos_EmbeddedFont, Aptos_MSFontService, Calibri, Helvetica, sans-serif; color: #000000;\"><span style=\"color: #ccffff;\"><a style=\"color: #ccffff;\" href=\"https:\/\/www.dge.mec.pt\/perguntas-frequentes-faqs\" target=\"_blank\" rel=\"noopener\">FAQs<\/a><\/span><\/div><div style=\"font-size: 12pt; text-decoration-thickness: auto; text-decoration-style: solid; font-family: Aptos, Aptos_EmbeddedFont, Aptos_MSFontService, Calibri, Helvetica, sans-serif; color: #605be5;\">\u00a0<\/div><div style=\"font-size: 12pt; font-family: Aptos, Aptos_EmbeddedFont, Aptos_MSFontService, Calibri, Helvetica, sans-serif; color: #333366;\"><span style=\"color: #ffffff;\">Provas de Avalia\u00e7\u00e3o Externa \u2013<span style=\"color: #ccffff;\">\u00a0<a style=\"color: #ccffff;\" title=\"https:\/\/iave.pt\/provas-e-exames\/informacoes\/\" href=\"https:\/\/iave.pt\/provas-e-exames\/informacoes\/\" data-outlook-id=\"87573df2-1718-4a1d-a21e-23e208e3132e\">Informa\u00e7\u00f5es-Prova<\/a>\u00a0<\/span>do Ensino Secund\u00e1rio \u2013 IAVE<\/span><\/div><div style=\"font-size: 12pt; text-decoration-thickness: auto; text-decoration-style: solid; font-family: Aptos, Aptos_EmbeddedFont, Aptos_MSFontService, Calibri, Helvetica, sans-serif; color: #000000;\">\u00a0<\/div><div style=\"font-size: 12pt; text-decoration-thickness: auto; text-decoration-style: solid; font-family: Aptos, Aptos_EmbeddedFont, Aptos_MSFontService, Calibri, Helvetica, sans-serif; color: #333366;\"><span style=\"color: #ccffff;\"><a style=\"color: #ccffff;\" title=\"https:\/\/iave.pt\/provas-e-exames\/calendario\/\" href=\"https:\/\/iave.pt\/provas-e-exames\/calendario\/\" target=\"_blank\" rel=\"noreferrer noopener\" data-outlook-id=\"55cde134-0277-4cf2-988d-c24c60a651c5\">Calend\u00e1rio de Provas e Exames \u2013 IAVE<\/a><\/span><\/div><p style=\"font-size: 12pt; font-family: Aptos, Aptos_EmbeddedFont, Aptos_MSFontService, Calibri, Helvetica, sans-serif; color: #000000; line-height: 1.2;\">\u00a0<\/p>\t\t\t\t\t\t<\/div>\n\t\t\t\t<\/div>\n\t\t\t\t\t<\/div>\n\t\t<\/div>\n\t\t\t\t<div class=\"elementor-column elementor-col-50 elementor-top-column elementor-element elementor-element-82dc507\" data-id=\"82dc507\" data-element_type=\"column\">\n\t\t\t<div class=\"elementor-widget-wrap\">\n\t\t\t\t\t\t\t\t\t<\/div>\n\t\t<\/div>\n\t\t\t\t\t\t\t<\/div>\n\t\t<\/section>\n\t\t\t\t\t\t\t<\/div>\n\t\t","protected":false},"excerpt":{"rendered":"<p>Col\u00e9gio de Nossa Senhora da Bonan\u00e7a Exames Nacionais Despacho-Normativo n.\u00ba 3\/2026, de 23 de fevereiro \u2013 Aprova o Regulamento das Provas de Avalia\u00e7\u00e3o Externa e das Provas de Equival\u00eancia \u00e0 Frequ\u00eancia dos Ensinos B\u00e1sico e Secund\u00e1rio para os anos letivos de 2025-2026 a 2027-2028 e revoga o Despacho Normativo n.\u00ba 2-A\/2025, de 3 de mar\u00e7o. [&hellip;]<\/p>\n","protected":false},"author":4,"featured_media":7360,"parent":0,"menu_order":0,"comment_status":"closed","ping_status":"closed","template":"elementor_header_footer","meta":{"footnotes":""},"class_list":["post-7287","page","type-page","status-publish","has-post-thumbnail","hentry"],"_links":{"self":[{"href":"https:\/\/cnsb.pt\/index.php?rest_route=\/wp\/v2\/pages\/7287","targetHints":{"allow":["GET"]}}],"collection":[{"href":"https:\/\/cnsb.pt\/index.php?rest_route=\/wp\/v2\/pages"}],"about":[{"href":"https:\/\/cnsb.pt\/index.php?rest_route=\/wp\/v2\/types\/page"}],"author":[{"embeddable":true,"href":"https:\/\/cnsb.pt\/index.php?rest_route=\/wp\/v2\/users\/4"}],"replies":[{"embeddable":true,"href":"https:\/\/cnsb.pt\/index.php?rest_route=%2Fwp%2Fv2%2Fcomments&post=7287"}],"version-history":[{"count":145,"href":"https:\/\/cnsb.pt\/index.php?rest_route=\/wp\/v2\/pages\/7287\/revisions"}],"predecessor-version":[{"id":10205,"href":"https:\/\/cnsb.pt\/index.php?rest_route=\/wp\/v2\/pages\/7287\/revisions\/10205"}],"wp:featuredmedia":[{"embeddable":true,"href":"https:\/\/cnsb.pt\/index.php?rest_route=\/wp\/v2\/media\/7360"}],"wp:attachment":[{"href":"https:\/\/cnsb.pt\/index.php?rest_route=%2Fwp%2Fv2%2Fmedia&parent=7287"}],"curies":[{"name":"wp","href":"https:\/\/api.w.org\/{rel}","templated":true}]}}